98.
47
What is the greatest common divisor of 4144 and 52318?
518
Calculate the highest common divisor of 475 and 1102475.
475
Calculate the greatest common factor of 9472 and 48.
16
Calculate the greatest common divisor of 190683 and 18.
9
What is the highest common divisor of 1975 and 10033?
79
What is the greatest common divisor of 3952710 and 111?
111
Calculate the highest common factor of 16771 and 217.
31
Calculate the highest common factor of 222760 and 120.
40
Calculate the highest common divisor of 889506 and 450.
18
Calculate the greatest common factor of 1357341 and 114.
57
Calculate the highest common divisor of 53869 and 206.
103
What is the highest common factor of 157160 and 3200?
40
Calculate the greatest common divisor of 176 and 902.
22
What is the highest common factor of 400 and 68050?
50
What is the greatest common divisor of 675 and 58536?
27
Calculate the highest common divisor of 86505 and 790.
395
What is the highest common divisor of 32085 and 2645?
115
What is the greatest common divisor of 35280 and 96?
48
Calculate the greatest common divisor of 759 and 7492848.
759
What is the greatest common factor of 426195 and 594?
297
What is the highest common divisor of 16 and 26922?
2
Calculate the highest common factor of 15072 and 5184.
96
Calculate the greatest common factor of 858 and 110396.
286
Calculate the greatest common factor of 902 and 220539.
451
What is the highest common factor of 83757 and 3?
3
Calculate the greatest common divisor of 6534 and 108.
54
Calculate the greatest common divisor of 94095 and 51578.
697
What is the highest common factor of 352 and 2784?
32
What is the greatest common divisor of 7777 and 6127?
11
Calculate the highest common factor of 2604 and 6972.
84
What is the highest common factor of 2 and 12872?
2
Calculate the highest common factor of 87296 and 279.
31
What is the greatest common divisor of 19504 and 112?
16
What is the highest common factor of 98134 and 556?
278
What is the highest common divisor of 7960 and 56?
8
Calculate the greatest common divisor of 235 and 2867.
47
Calculate the greatest common divisor of 680 and 66232.
136
Calculate the greatest common divisor of 210 and 5553590.
70
Calculate the greatest common factor of 57 and 111511.
19
What is the greatest common factor of 1090 and 1580?
10
Calculate the highest common divisor of 326956 and 21.
7
Calculate the greatest common divisor of 621 and 22869.
27
What is the greatest common divisor of 4043 and 5909?
311
Calculate the greatest common divisor of 189 and 8019.
27
What is the greatest common factor of 8 and 6852?
4
Calculate the greatest common factor of 54 and 2074680.
54
What is the greatest common divisor of 4871666 and 758?
758
Calculate the greatest common divisor of 100 and 1792.
4
Calculate the greatest common factor of 64 and 5294272.
64
Calculate the highest common factor of 11234 and 48498.
274
What is the highest common divisor of 137985 and 60?
15
Calculate the greatest common factor of 4689059 and 34.
17
What is the greatest common factor of 297 and 52723?
11
Calculate the highest common factor of 252 and 420588.
252
Calculate the highest common factor of 922877 and 166.
83
Calculate the highest common divisor of 157045 and 637.
49
Calculate the greatest common factor of 17 and 9195827.
17
What is the greatest common divisor of 6064 and 52?
4
What is the highest common divisor of 1334115 and 1035?
1035
What is the greatest common factor of 868 and 13600692?
868
What is the highest common factor of 963 and 13619709?
963
What is the highest common factor of 81534 and 1270?
254
Calculate the highest common divisor of 1670610 and 466.
466
Calculate the greatest common factor of 296 and 1395048.
296
Calculate the greatest common factor of 40656 and 336.
336
Calculate the highest common factor of 37 and 1195137.
37
What is the highest common factor of 32 and 123988?
4
Calculate the highest common factor of 22 and 633358.
22
Calculate the greatest common divisor of 12986 and 86.
86
Calculate the greatest common factor of 20 and 74120.
20
Calculate the highest common divisor of 640 and 85752.
8
Calculate the highest common factor of 73 and 995939.
73
Calculate the highest common factor of 5346 and 1073574.
486
Calculate the greatest common factor of 301 and 13803559.
301
What is the greatest common divisor of 770675 and 5655?
145
What is the greatest common factor of 8 and 195112?
8
What is the greatest common factor of 265368 and 48?
24
Calculate the greatest common divisor of 1798 and 4880671.
899
Calculate the greatest common divisor of 1553 and 1.
1
What is the highest common factor of 139375 and 575?
25
Calculate the highest common factor of 3133 and 16367.
13
What is the highest common divisor of 74 and 670699?
37
Calculate the highest common factor of 730239 and 141.
141
What is the greatest common factor of 1169057 and 439?
439
What is the highest common divisor of 47188 and 2444?
188
What is the greatest common factor of 28547 and 79?
1
What is the greatest common divisor of 24 and 71256?
24
Calculate the highest common factor of 1168 and 1607752.
584
Calculate the greatest common factor of 12 and 33963.
3
Calculate the highest common divisor of 23 and 5718.
1
What is the highest common factor of 187 and 21109?
11
Calculate the highest common divisor of 10240 and 50.
10
What is the highest common divisor of 310248 and 2046?
186
What is the greatest common factor of 2842 and 44254?
406
What is the highest common factor of 1983 and 18176178?
1983
What is the greatest common factor of 5518 and 29014?
178
Calculate the greatest common factor of 757629 and 9.
9
What is the greatest common factor of 20576 and 17?
1
Calculate the highest common divisor of 4 and 144684.
4
Calculate the highest common factor of 910 and 689.
13
What is the greatest common divisor of 325332 and 14?
14
What is the highest common factor of 452463 and 33?
33
What is the highest common factor of 4796 and 594?
22
What is the highest common factor of 1206 and 330980?
134
What is the greatest common factor of 222596 and 88?
44
What is the highest common factor of 2607 and 107921?
11
Calculate the highest common divisor of 2333 and 8.
1
Calculate the highest common factor of 92148 and 252.
84
What is the greatest common divisor of 162 and 13259214?
162
What is the highest common divisor of 8554 and 32900?
658
What is the greatest common divisor of 345 and 24660?
15
What is the greatest common divisor of 6018 and 708?
354
Calculate the highest common factor of 594 and 466983.
99
Calculate the greatest common divisor of 2 and 20301.
1
Calculate the greatest common factor of 136 and 81974.
34
Calculate the greatest common factor of 378 and 27062.
14
Calculate the greatest common divisor of 56881 and 440.
11
Calculate the highest common factor of 54448 and 205.
41
What is the highest common divisor of 4518 and 425445?
753
What is the highest common factor of 140803 and 13?
13
What is the highest common divisor of 442 and 49738?
26
What is the highest common factor of 57 and 59904?
3
Calculate the greatest common factor of 219436 and 204.
68
What is the highest common divisor of 99179 and 1475?
59
Calculate the greatest common factor of 120222 and 54.
18
What is the highest common divisor of 24 and 57784?
8
Calculate the greatest common factor of 20590 and 3195.
355
Calculate the greatest common factor of 74823 and 1323.
147
Calculate the highest common divisor of 287490 and 750.
30
What is the highest common divisor of 258661 and 1773?
197
Calculate the greatest common factor of 751 and 287633.
751
What is the greatest common divisor of 707 and 3381581?
707
What is the greatest common factor of 196 and 49?
49
What is the highest common factor of 10295868 and 33?
33
Calculate the highest common divisor of 263 and 213819.
263
What is the greatest common factor of 14508 and 2821?
403
What is the greatest common divisor of 1104 and 21850?
46
Calculate the highest common factor of 29707 and 15584.
487
Calculate the greatest common divisor of 511790 and 7551.
839
What is the highest common divisor of 12400 and 8600?
200
What is the greatest common divisor of 6936730 and 470?
470
Calculate the greatest common divisor of 935 and 71720.
55
